he prime factors of 3464?
2, 433
What are the prime factors of 62187?
3, 19, 1091
List the prime factors of 1442.
2, 7, 103
What are the prime factors of 34102?
2, 17, 59
What are the prime factors of 2061?
3, 229
What are the prime factors of 2224?
2, 139
List the prime factors of 1218.
2, 3, 7, 29
List the prime factors of 15622.
2, 73, 107
List the prime factors of 48154.
2, 24077
List the prime factors of 46.
2, 23
List the prime factors of 735.
3, 5, 7
List the prime factors of 18231.
3, 59, 103
List the prime factors of 5528.
2, 691
List the prime factors of 12420.
2, 3, 5, 23
What are the prime factors of 3298?
2, 17, 97
List the prime factors of 6610.
2, 5, 661
List the prime factors of 537.
3, 179
List the prime factors of 133916.
2, 33479
What are the prime factors of 10298?
2, 19, 271
List the prime factors of 1500.
2, 3, 5
What are the prime factors of 2555?
5, 7, 73
What are the prime factors of 1433?
1433
List the prime factors of 39204.
2, 3, 11
What are the prime factors of 112107?
3, 37369
What are the prime factors of 840?
2, 3, 5, 7
List the prime factors of 14426.
2, 7213
What are the prime factors of 12528?
2, 3, 29
What are the prime factors of 3482?
2, 1741
What are the prime factors of 17614?
2, 8807
What are the prime factors of 46329?
3, 15443
What are the prime factors of 6787?
11, 617
List the prime factors of 264.
2, 3, 11
List the prime factors of 179.
179
List the prime factors of 282.
2, 3, 47
List the prime factors of 2133.
3, 79
List the prime factors of 1633.
23, 71
List the prime factors of 2409.
3, 11, 73
List the prime factors of 31.
31
List the prime factors of 68475.
3, 5, 11, 83
List the prime factors of 83053.
23, 157
What are the prime factors of 1086?
2, 3, 181
List the prime factors of 3191.
3191
What are the prime factors of 1330?
2, 5, 7, 19
What are the prime factors of 18474?
2, 3, 3079
List the prime factors of 18226.
2, 13, 701
List the prime factors of 8770.
2, 5, 877
List the prime factors of 1449.
3, 7, 23
What are the prime factors of 24387?
3, 11, 739
What are the prime factors of 2783?
11, 23
What are the prime factors of 1409?
1409
What are the prime factors of 10671?
3, 3557
What are the prime factors of 993?
3, 331
List the prime factors of 22468.
2, 41, 137
List the prime factors of 20253.
3, 43, 157
List the prime factors of 73247.
89, 823
List the prime factors of 71395.
5, 109, 131
List the prime factors of 14231.
7, 19, 107
List the prime factors of 6715.
5, 17, 79
What are the prime factors of 1782?
2, 3, 11
What are the prime factors of 7771?
19, 409
List the prime factors of 2571.
3, 857
List the prime factors of 4512.
2, 3, 47
List the prime factors of 1051.
1051
List the prime factors of 5905.
5, 1181
List the prime factors of 12214.
2, 31, 197
List the prime factors of 14484.
2, 3, 17, 71
What are the prime factors of 29076?
2, 3, 2423
What are the prime factors of 2142?
2, 3, 7, 17
List the prime factors of 904.
2, 113
List the prime factors of 4921.
7, 19, 37
What are the prime factors of 37961?
7, 11, 17, 29
List the prime factors of 1706.
2, 853
List the prime factors of 2384.
2, 149
List the prime factors of 303.
3, 101
What are the prime factors of 2273?
2273
What are the prime factors of 289?
17
What are the prime factors of 37507?
37507
List the prime factors of 172603.
172603
What are the prime factors of 46679?
46679
List the prime factors of 27033.
3, 9011
What are the prime factors of 46521?
3, 1723
List the prime factors of 81211.
13, 6247
What are the prime factors of 9200?
2, 5, 23
List the prime factors of 50719.
67, 757
What are the prime factors of 50718?
2, 3, 79, 107
What are the prime factors of 3695?
5, 739
What are the prime factors of 9518?
2, 4759
List the prime factors of 7279.
29, 251
What are the prime factors of 43279?
113, 383
What are the prime factors of 8160?
2, 3, 5, 17
List the prime factors of 1574.
2, 787
What are the prime factors of 2652?
2, 3, 13, 17
List the prime factors of 10548.
2, 3, 293
What are the prime factors of 962?
2, 13, 37
List the prime factors of 5506.
2, 2753
What are the prime factors of 20155?
5, 29, 139
List the prime factors of 108789.
3, 36263
What are the prime factors of 1108?
2, 277
List the prime factors of 529.
23
What are the prime factors of 3816?
2, 3, 53
List the prime factors of 10174.
2, 5087
What are the prime factors of 1959?
3, 653
List the prime factors of 4092.
2, 3, 11, 31
List the prime factors of 24417.
3, 2713
List the prime factors of 64.
2
List the prime factors of 2471.
7, 353
What are the prime factors of 694?
2, 347
What are the prime factors of 106898?
2, 11, 43, 113
What are the prime factors of 145689?
3, 48563
List the prime factors of 23260.
2, 5, 1163
List the prime factors of 13614.
2, 3, 2269
What are the prime factors of 2545?
5, 509
List the prime factors of 11395.
5, 43, 53
What are the prime factors of 1357?
23, 59
List the prime factors of 4285.
5, 857
List the prime factors of 18644.
2, 59, 79
What are the prime factors of 482?
2, 241
List the prime factors of 150031.
7, 21433
List the prime factors of 3415.
5, 683
List the prime factors of 4628.
2, 13, 89
What are the prime factors of 4121?
13, 317
What are the prime factors of 1141?
7, 163
List the prime factors of 31217.
19, 31, 53
What are the prime factors of 187?
11, 17
List the prime factors of 2086.
2, 7, 149
What are the prime factors of 72435?
3, 5, 11, 439
List the prime factors of 4925.
5, 197
List the prime factors of 52520.
2, 5, 13, 101
List the prime factors of 8641.
8641
What are the prime factors of 2841?
3, 947
List the prime factors of 1212.
2, 3, 101
List the prime factors of 10705.
5, 2141
List the prime factors of 40157.
13, 3089
List the prime factors of 99582.
2, 3, 7, 2371
List the prime factors of 539.
7, 11
List the prime factors of 8091.
3, 29, 31
List the prime factors of 5330.
2, 5, 13, 41
List the prime factors of 3745.
5, 7, 107
List the prime factors of 1275.
3, 5, 17
List the prime factors of 36427.
73, 499
List the prime factors of 37294.
2, 29, 643
List the prime factors of 10364.
2, 2591
What are the prime factors of 2762?
2, 1381
List the prime factors of 19493.
101, 193
List the prime factors of 749.
7, 107
List the prime factors of 11947.
13, 919
What are the prime factors of 7460?
2, 5, 373
List the prime factors of 19100.
2, 5, 191
What are the prime factors of 2903?
2903
What are the prime factors of 9729?
3, 23, 47
What are the prime factors of 15989?
59, 271
What are the prime factors of 2374?
2, 1187
List the prime factors of 1681.
41
List the prime factors of 1354.
2, 677
What are the prime factors of 17875?
5, 11, 13
What are the prime factors of 10647?
3, 7, 13
What are the prime factors of 46?
2, 23
List the prime factors of 6173.
6173
List the prime factors of 12359.
17, 727
List the prime factors of 12266.
2, 6133
List the prime factors of 1632.
2, 3, 17
What are the prime factors of 456?
2, 3, 19
What are the prime factors of 58065?
3, 5, 7, 79
What are the prime factors of 1663?
1663
List the prime factors of 26533.
13, 157
List the prime factors of 884.
2, 13, 17
List the prime factors of 67794.
2, 3, 11299
What are the prime factors of 2872?
2, 359
What are the prime factors of 9146?
2, 17, 269
List the prime factors of 137736.
2, 3, 1913
List the prime factors of 42822.
2, 3, 13, 61
What are the prime factors of 6546?
2, 3, 1091
List the prime factors of 10956.
2, 3, 11, 83
What are the prime factors of 276?
2, 3, 23
What are the prime factors of 432?
2, 3
List the prime factors of 993.
3, 331
List the prime factors of 2227.
17, 131
What are the prime factors of 849?
3, 283
What are the prime factors of 80?
2, 5
What are the prime factors of 237?
3, 79
What are the prime factors of 6687?
3, 743
List the prime factors of 12901.
7, 19, 97
List the prime factors of 3698.
2, 43
What are the prime factors of 388?
2, 97
What are the prime factors of 48436?
2, 12109
What are the prime factors of 973?
7, 139
List the prime factors of 1658.
2, 829
What are the prime factors of 5411?
7, 773
List the prime factors of 51339.
3, 109, 157
List the prime factors of 531.
3, 59
What are the prime factors of 1279?
1279
What are the prime factors of 2820?
2, 3, 5, 47
List the prime